*(-102)/(-4). List the prime factors of m/6*-36 - (-2)/(-2).
5, 61
What are the prime factors of 6/(-5) - 14402/(-10)?
1439
Let f = 32 + -32. Suppose c + c - 20 = f. List the prime factors of c.
2, 5
Let s(l) = 24*l**2 - 2 + 22*l - 8 - 4*l**2 - l**3 - 4. Let a be s(21). Suppose 0 = 3*h - 4*q - 29 - 24, -h = 4*q - a. List the prime factors of h.
3, 5
Let l(m) = 7*m**2 - 34*m - 399. What are the prime factors of l(-17)?
2, 3, 367
Let c(o) = 3*o + 1. Let s be c(-1). Let z = s + -38. Let a = z - -67. List the prime factors of a.
3
Suppose -3*c + 2*u + 16012 = c, 0 = -c + 4*u + 4017. What are the prime factors of c?
4001
Suppose -8*i + 10 = -3*i. What are the prime factors of i/(-8) - (-2370)/40?
59
Suppose -72 = -3*h - 2*r, h + 92 = 5*h + 4*r. Let u = -49 + h. List the prime factors of 1/(-1)*(-9 + u).
2
Let i be 3 - 0/(-4) - 4. Let z be 513/12 + i/(-4). Let j = z + -29. List the prime factors of j.
2, 7
Suppose -3*d - 88 = 20. What are the prime factors of d/(22/(-5) + 4)?
2, 3, 5
Let x = 4 - 3. Let c = x + 5. Let q = 8 - c. What are the prime factors of q?
2
Suppose -3*u + 47 = 41. What are the prime factors of 543/6 - 3/u?
89
Let y be 2/1 - (-8 + 4 + -255). Suppose 0 = -3*q - g + y, 4*q - 2*g = 2*q + 166. What are the prime factors of q?
2, 43
What are the prime factors of (64 - 7543)*(-1)/(6/4)?
2, 3, 277
Let b = 203 + -30. Suppose 5*h = -2*x + b + 43, 0 = 5*x - 5*h - 610. Suppose x = 3*f + 28. List the prime factors of f.
2, 3, 5
Suppose 0 = -3*r + 3*z + 4464, -r = -3*r - 3*z + 2966. List the prime factors of r.
2, 743
Let o = -32 - -26. What are the prime factors of -1*o/15*335 + -1?
7, 19
Let r(m) = -14*m - 23. Let x = -16 - -11. List the prime factors of r(x).
47
Let q be 4/(-26) - 712/104. Let d be 102/q + (-9)/21. Let x = d - -21. What are the prime factors of x?
2, 3
Let t(b) = b**3 - 8*b**2 + 8*b - 19. Let f be t(10). Let h = -130 + f. List the prime factors of h.
131
Suppose -3*u + 8 + 1 = 0. Let p(i) = -i + 5. Let c be p(u). Suppose 5 = c*x - 3*o, 5*x - 3*o + 7 = 6*x. List the prime factors of x.
2
Let f(x) = -4*x + 4. Let c be f(3). Let j = 6 + c. List the prime factors of (-1)/j - (-35)/2.
2, 3
Suppose 71175 = 44*b - 21973. What are the prime factors of b?
29, 73
Suppose -2*j + 2*v + 355 = 117, -4*j - 5*v + 449 = 0. Let z be 18 + -19 - (-4 - 0). Suppose z*o + j = 7*o. What are the prime factors of o?
29
Let l(o) = 3*o**3 - 34*o**2 + 53*o + 92. Let p(a) = -2*a**3 + 23*a**2 - 35*a - 61. Let z(j) = -5*l(j) - 8*p(j). What are the prime factors of z(13)?
2, 3
Let w(g) = g**2 + g. Let x be w(-4). Let q(a) = -a**2 + 20*a - 20. List the prime factors of q(x).
2, 19
Suppose -4*o - i = -4, -5*o + i = 3*i - 8. Suppose 3*r - 7*r + 24 = o. What are the prime factors of ((-24)/(-16))/(r/164)?
41
Let a(b) = b**2 + 3*b + 1. Let n be a(-7). Suppose -8*o = -7*o - n. List the prime factors of o.
29
Let t = -109 - -89. Suppose -3*b + 3*k = 39, -3*k = -5*k - 8. Let q = b - t. List the prime factors of q.
3
List the prime factors of (11 - -4684)*4/6.
2, 5, 313
Let q = -1738 - -1750. Suppose -3 = -n + 2*n + 2*x, 0 = -2*x - 2. What are the prime factors of -8 - -4 - q/n?
2
Let p(h) = -h**2 - 7*h + 108. What are the prime factors of p(0)?
2, 3
List the prime factors of 99/(((-42)/(-1295))/(8/10)).
2, 3, 11, 37
Let w(m) = 71*m - 7. What are the prime factors of w(1)?
2
Suppose -57*b = -16*b - 123328. What are the prime factors of b?
2, 47
Let n(v) be the second derivative of 13*v**3/6 - 14*v**2 + 3*v. What are the prime factors of n(8)?
2, 19
Let n(f) = f + 2. Let u be n(3). Suppose -5*j - 25 = u*p, 2*j + 2*j = -p - 2. Let m = 39 + p. List the prime factors of m.
3, 11
Let o = -52 + 105. Suppose 2*i - 9 - 15 = -3*r, -5*r + i = -o. What are the prime factors of r?
2, 5
What are the prime factors of 7 - (0 + 5 - 3668)?
2, 5, 367
Let s be -20*(-3 - -5)*(-5)/40. Suppose -4*t + 2*c = -1144, -4*t = -6*t - s*c + 560. What are the prime factors of t?
3, 5, 19
What are the prime factors of (-2555)/(-3) - -2*1/(-3)?
23, 37
Let g be 10/6 - 4801/(-3). Suppose -59 = -11*f + g. List the prime factors of f.
151
Let r = 1782 - 1126. What are the prime factors of r?
2, 41
Let o(l) = -l**2 - 3*l + 2. Let h be o(-2). Let t be 12*(0 - -1) + 2. List the prime factors of -1 + (-4)/h + t.
2, 3
Let u(t) = 2*t**2 + t - 2. Let y be u(-2). Suppose 0 = y*x - 8*x. Let i = 10 - x. List the prime factors of i.
2, 5
Let d = 124 - -79. What are the prime factors of d?
7, 29
Let p = -27 - -25. List the prime factors of -8*2/(-12)*(-381)/p.
2, 127
Let g = -457 + 2043. What are the prime factors of g?
2, 13, 61
Suppose -5*a + 292 = -a. Let d(b) = 3*b**3 - 40*b**2 + 18*b + 56. Let n be d(13). Let u = n - a. What are the prime factors of u?
2, 3
Let j(x) be the second derivative of x**5/20 + x**4/2 - 5*x**3/6 - 2*x**2 + 24*x. List the prime factors of j(3).
2, 31
Suppose 110*z = 109*z + 1249. List the prime factors of z.
1249
Suppose 7410 + 3474 = 3*p. What are the prime factors of p?
2, 907
Let b be 4*((-33)/12 - 1). What are the prime factors of (-864)/b - (-12)/(-20)?
3, 19
Let i(c) = -136*c - 135. List the prime factors of i(-9).
3, 11
Suppose -118 - 62 = -4*y. Suppose 3*w + 35 = 5*j, -4*w = -5*j - 3*w + y. Let i(d) = d**3 - 8*d**2 - 15*d + 12. What are the prime factors of i(j)?
2, 31
Let z = 4 - -7. Let o be z + 0*1/3. Suppose r - 53 - o = 0. What are the prime factors of r?
2
Let a(v) = -v**3 - 7*v**2 - 6*v - 5. Let s(y) = -y**3 - 6*y**2 - 6*y - 5. Let l(h) = -4*a(h) + 3*s(h). What are the prime factors of l(-8)?
5, 17
Let o = 16 + -11. Suppose 0*q + 5*q - 2*p = -35, 0 = -5*q + o*p - 50. What are the prime factors of (-4)/(-10) - 83/q?
17
Suppose 0*g - 4*u - 36 = -3*g, -2*g - 5*u + 24 = 0. Let t = 45 - g. List the prime factors of t.
3, 11
Suppose 3*h - 704 = -4*g, 175 = -4*g + 5*g + h. List the prime factors of g.
179
Suppose -3*g - 51 + 342 = 0. What are the prime factors of (1*g/2)/((-3)/(-6))?
97
Suppose -13473 = -42*k + 2781. What are the prime factors of k?
3, 43
Let l be (-2)/2*-2762 + -4. Let u(w) = w**2 + 6*w - 2. Let t be u(-6). What are the prime factors of l/210 - t/(-15)?
13
Let f = 7 - 7. Let x(t) = -t**2 + 3*t + 3. Let m be x(3). Suppose -4*b + m*b + 9 = f. List the prime factors of b.
3
Let j(f) be the first derivative of f**5/5 + f**4/3 - f**3/6 - 3*f**2/2 + 6*f + 5. Let c(w) be the first derivative of j(w). List the prime factors of c(2).
43
Let s(o) = -o. Let b be s(-4). Suppose -5*x = j - 138, x - 414 = -6*j + 3*j. Suppose j = b*t + 46. List the prime factors of t.
23
Let d = -10 - -24. Suppose -5*t - 5*b = -d - 341, -b = 3*t - 219. Suppose 0 = -5*g + 2*i + t, -3*g + 17 = -4*i - 19. What are the prime factors of g?
2
Suppose -26*t = -22*t. What are the prime factors of (-92 - t)*(-42)/56?
3, 23
Let s(b) = 7 + 4 + 12*b - 4 + 3. What are the prime factors of s(8)?
2, 53
Let c = -29 - -15. List the prime factors of (3 - 27)*35/c.
2, 3, 5
Suppose -142065 = -123*d + 78*d. List the prime factors of d.
7, 11, 41
Suppose 5*v = -4*p + 6, -5*p + 4*p - 5*v = 6. Suppose p*w = -c - 13, 5*c + 35 = -7*w + 2*w. Let n = 7 - c. What are the prime factors of n?
2, 3
Let q(b) = -506*b**3 + 2*b**2 - 2. Let h be q(1). Let t = -288 - h. List the prime factors of t.
2, 109
Let w be 6/(-4)*(-16)/12. Let f be (-10)/((w/(-8))/1). What are the prime factors of f/(-50)*-5*1?
2
Suppose t + d = 75 + 525, 5*d = -2*t + 1209. Let b = t + -414. List the prime factors of b.
3, 61
Let m = 28 + 36. What are the prime factors of m?
2
Suppose -6 = 2*y - 12. Suppose -5*m + 0*m - 14 = -d, 0 = -2*d + y*m + 14. Suppose -d*q + 209 + 35 = 0. List the prime factors of q.
61
Suppose -1 = n, -2*d = -d - 4*n - 6. Suppose -a - d*y = -6, 5*a - y - 30 = 2*y. Let m = a + 1. What are the prime factors of m?
7
Let v = 25 - 18. Suppose 13 = 4*p - v. Suppose 0 = p*d - 25, l + 4*d = 4 + 47. List the prime factors of l.
31
Let o(x) = x + 11. Let k be o(11). List the prime factors of 398/6 - k/(-33).
67
Let v(i) = 387*i**2 - 18*i - 18. List the prime factors of v(-1).
3, 43
Let u(p) = 17*p - 2. Let t be u(13). Suppose -2*c = -5*c + t. What are the prime factors of c?
73
Let r be (-192)/(-10) - 2/10. Suppose 13*s + 162 = r*s. List the prime factors of s.
3
Let k = 1935 - 714. What are the prime factors of k?
3, 11, 37
Suppo